Let g(o) = 10*o**2 - o - 6. Calculate the remainder when g(h) is divided by 19.
17
Suppose -q - 3*g + 4 = 0, q - 3*g - g - 18 = 0. Calculate the remainder when (-5)/(-25) - (-108)/q is divided by 3.
2
Suppose 0 = -819*d + 815*d + 140. What is the remainder when d is divided by 9?
8
Suppose 4*n - 6 = -2*n. Let q = 4 - n. What is the remainder when 66 is divided by q - 8/(-12)*21?
15
Suppose -x - 4*s + 22 = -11, -5*s = -3*x + 116. Let m = 552 + -542. Calculate the remainder when x is divided by m.
7
Suppose 4*g = 5*m, -3*g = -0*g - 5*m. Suppose -2 = -2*r - g. What is the remainder when 19 - (r + 1 + -3) is divided by 11?
9
Suppose -302 = 3*m + 244. Suppose -d - h + 4*h = -24, -h + 57 = 4*d. Calculate the remainder when ((-12)/21)/(4/m) is divided by d.
11
Suppose -4*x = -3*n - 172, 2*x + x = -n + 142. Calculate the remainder when 228 is divided by x.
44
Let c(l) = 19*l - 100. Let k(q) = -q**3 + q - 2. Suppose -4*n + 3 = 11. What is the remainder when c(6) is divided by k(n)?
2
Suppose -6*h + 4 = -4*h. Let m be (3/h)/((-5)/(-20)). Calculate the remainder when (-1)/3 - (-14)/m is divided by 2.
0
Let y = 24 - 21. Suppose y*u = 51 - 6. Suppose -u*s = -19*s + 88. What is the remainder when 64 is divided by s?
20
Let d = 44 - 42. What is the remainder when (-8)/d + (35 - -12) is divided by 9?
7
Let t(o) = -9*o - 9. Let u be t(-6). Let g(m) = 45 + 54*m - u. Calculate the remainder when g(1) is divided by 19.
16
Suppose 4*u + 2*k - 43 = -3*k, -k + 24 = 3*u. What is the remainder when (-99)/12*(-12)/9 is divided by u?
4
Let i = -3 - -11. Suppose i = 2*r + 2. Suppose -r*o + o + 24 = 0. What is the remainder when 32 is divided by o?
8
Let f(m) = -2*m**2 + 33*m - 43. Suppose -28 = -5*j + j. What is the remainder when f(14) is divided by j?
6
Let r = 3 - 2. Let v(u) = 11*u**3 - 2*u**2 + 2*u - 1. What is the remainder when 28 is divided by v(r)?
8
Suppose 0 = -25*g + 8*g + 493. What is the remainder when 170 is divided by g?
25
Suppose 16 = 3*s + 1. Let r(y) = -y**2 + 6*y + 6. Calculate the remainder when 31 is divided by r(s).
9
Let i = -64 + 157. Calculate the remainder when i is divided by 53.
40
Let d(w) = -9 + 5*w + w**2 + 9*w - w - 3*w. Calculate the remainder when d(-12) is divided by 7 + (-1 + 7)/(-2).
3
Suppose -13*l = -3*l - 40. Suppose w + l*w = 40. Calculate the remainder when 68 is divided by w.
4
Suppose 3*j - 52 = -16. Suppose j = 2*l - 0. Let p(b) = 12*b**3 - 1. What is the remainder when p(1) is divided by l?
5
Let d = 2252 - 1300. Calculate the remainder when (-6)/9 - d/(-24) is divided by 11.
6
What is the remainder when ((-26)/6 - -2)*-3 is divided by (-9)/(-15) - -1 - (-6)/15?
1
Suppose r - 5*r = -232. Let a(y) = -y**3 + 3*y**2 - 2. Let v be a(2). Suppose -5*c = -r - v. Calculate the remainder when 22 is divided by c.
10
Let q = -11 - -19. Let m = 12 - q. Suppose -36 = -4*y - m*b, 30 = -3*y + 5*y - 4*b. What is the remainder when 32 is divided by y?
10
Let i(o) = -o**2 + 28*o - 23. Calculate the remainder when i(17) is divided by 33.
32
Suppose 5*n - 405 = 9*a - 10*a, -4*n - 4*a + 308 = 0. Calculate the remainder when 245 is divided by n.
81
Calculate the remainder when 40 is divided by ((-9)/(-6))/(18/276).
17
Let i(v) = 2*v**3 - 2*v**2 + v. Let j be i(1). Calculate the remainder when j/(2/24) + -1 is divided by 6 - ((-1)/1 + 0).
4
Let i(r) = -19*r - 115. What is the remainder when 50 is divided by i(-8)?
13
Let i(a) = a**2 + 5*a + 15. Suppose -5*g - 14 = -3*g. Let l be i(g). Let t = l + -2. Calculate the remainder when t is divided by 14.
13
Suppose -3*i - 5*o = 16, 5*i - 3*o + 6*o = -16. What is the remainder when 28 is divided by ((-3)/(-9) + i)*-6?
8
Suppose 3*n = 6*n - 12. Suppose 1 = z - n. Suppose -z = i - 12. Calculate the remainder when 12 is divided by i.
5
Let p(o) = o**3 + 7*o**2 - o - 4. Let r be p(-7). Suppose 24 = 5*c + 3*x, -6 + 30 = r*c - 3*x. Calculate the remainder when 87 is divided by (-88)/c*(-9)/6.
21
Suppose 0 = -9*z + 14*z + u - 646, 3*u = 3*z - 402. Calculate the remainder when z is divided by 67.
63
Suppose -300 = -5*h + 5*w, -w = 2*h - 0*h - 105. What is the remainder when h is divided by 14?
13
Suppose 0 = -4*g - 3*z + 5, 0*z = 2*z + 2. Suppose -g*p = 0, 84 = 4*l - 5*p - 96. Let o = 702 - 690. Calculate the remainder when l is divided by o.
9
Let l = -6 + 31. Let a(m) = 6*m + 13. What is the remainder when a(10) is divided by l?
23
Let x(f) = -f**3 + 7*f**2 + 20*f + 2. Suppose 2*y - 6*y = -36. What is the remainder when 56 is divided by x(y)?
16
Suppose -n + 0*n + 13 = -2*t, -4 = -t. What is the remainder when 43 is divided by n?
1
Let y be (26/8 - 3)*4. What is the remainder when 30 is divided by y/(-4) + 198/24?
6
Let f(b) = 2*b**2 + 33*b + 176. What is the remainder when f(-8) is divided by 3?
1
Suppose 3*v = v + 124. Suppose 0*c + c = 3*w + 27, 0 = -5*c + 5*w + 85. Suppose -c*m + v = -10*m. What is the remainder when m is divided by 17?
14
Let w = -168 + 90. What is the remainder when 186/10 + (w/30 - -3) is divided by 7?
5
Suppose -7*z = -92 - 27. Calculate the remainder when 43 is divided by z.
9
Suppose 2*z + 3*z + 63 = 3*d, 0 = -d + 3*z + 25. What is the remainder when 47 is divided by d?
15
Let s be (-2)/(-1 - -2) + 60/6. Suppose 3*b = -s + 326. Calculate the remainder when b is divided by 22.
18
Suppose -5*o = -10*o - 10. Calculate the remainder when o/(-11) - 1970/(-55) is divided by 13.
10
Let m = 6 - -19. Let a(g) = g**3 + 9*g**2 + 7*g - 10. Let y be a(-8). Calculate the remainder when m is divided by 9 + -2 + 2 + y.
4
Suppose 53 = -5*a + 173. Suppose -4*r - 65 = -437. What is the remainder when r is divided by a?
21
Let u be 2 + 0 + 4 + -6. Suppose i - 36 - 100 = u. Calculate the remainder when i is divided by 23.
21
Let w = 12 - -16. Suppose -32*c + 495 = c. Calculate the remainder when w is divided by c.
13
Suppose 0 = 10*h + 734 - 914. Calculate the remainder when 141 is divided by h.
15
Let a = -444 + 488. Calculate the remainder when 129 is divided by a.
41
Calculate the remainder when 163 is divided by 15/(-9) - 952/(-42).
16
Suppose -56*v + 52*v = -316. What is the remainder when 247 is divided by v?
10
Let m(i) = 9*i**3 - 3*i**2 + 4*i - 2. Suppose 0 = -4*y + 3*y + 3. Calculate the remainder when m(1) is divided by (0 - y) + 0 - -5.
0
Let w(y) = 75*y**2. Let r(d) = -10*d + 119. What is the remainder when w(1) is divided by r(10)?
18
Calculate the remainder when 136 is divided by (7/(-2))/((-3)/30).
31
Let s(b) = b**3 - 5*b**2 - 9*b + 6. Let t be s(6). Let q = t + 14. Suppose q*d - 2*n = 16, 0*n = -3*d - 3*n + 54. What is the remainder when 23 is divided by d?
10
Suppose -8*b - 128 + 480 = 0. Suppose -k - k + 341 = -l, 5*k - 3*l = 851. What is the remainder when k is divided by b?
40
Suppose -3*o + 16 = o. Suppose -2*q - 5*j = -j - 16, -o*q = -2*j - 32. What is the remainder when 13 is divided by q?
5
Let h = 105 + -63. Suppose -2*t - 3*c + 17 = 0, 4*t + 90 = 9*t - 2*c. Calculate the remainder when h is divided by t.
10
Let r be 6/10 - (-8)/(-5). Suppose 17*x + 21 = 89. Calculate the remainder when (-6)/(-3)*r + 19 is divided by x.
1
Let z(l) = -l**2 - 7*l + 3. Let t be z(-6). Let n = 11 + t. Calculate the remainder when n + 7/((-21)/6) is divided by 10.
8
Let a(h) = 5*h**3 - h**2 - 3*h. What is the remainder when 189 is divided by a(2)?
9
Let s = 104 - 0. Let k = s - 23. What is the remainder when k is divided by 21?
18
Suppose 0 = d - 4*q - 21, 8*d + 39 = 9*d + 2*q. What is the remainder when 131 is divided by d?
32
Suppose -2*d - 34 = -0*w - 3*w, -5*d - 1 = 3*w. Let n be 1*(30 + 4)/2. Suppose -w = g - 3*a, -4*g + 2*a + n = -1. What is the remainder when 20 is divided by g?
6
Suppose 0 = -13*c + 1367 - 483. What is the remainder when 237 is divided by c?
33
Let p = 20 - -15. Let o = 140 - 135. Let n = 14 - o. What is the remainder when p is divided by n?
8
Let i be 8/(-20)*(-1 + -684). Suppose 0 = -4*k + 866 - i. Suppose -3*s = s - k. What is the remainder when s is divided by 8?
5
Suppose -x - 2*x + 231 = 0. Let o = -62 + 78. Calculate the remainder when x is divided by o.
13
Let o be (-6)/(-4)*(-8)/(-3). Suppose a + o - 8 = 0. Suppose 26 = 2*f - 0*f + 2*d, f + a*d = 19. What is the remainder when 20 is divided by f?
9
Let t = -938 + 1081. What is the remainder when t is divided by